 a**2 - 8*a + 3. Let n be h(5). Let d be -1*-39*8/12. Let o = n + d. What is the highest common factor of o and 7?
7
Let d(c) = -6*c + 7. Let n be d(-6). Calculate the highest common factor of n and 129.
43
Suppose 2*i = 27 - 17. Suppose 3*g - s - 26 = 0, -i*s = -g - 0*s + 4. Calculate the greatest common factor of 1 and g.
1
Suppose 959*a - 90 = 953*a. What is the greatest common divisor of a and 36?
3
Let l be 4/(-92)*-5495 - (-30)/345. Let q be 129/1 + (-2 - -2). Let h = l - q. What is the highest common factor of h and 10?
10
Let d be (1974/(-1410))/((1 + 1)/(-20)). Let k be 1 - -6 - (-2 + 2). What is the highest common divisor of d and k?
7
Suppose -107 = -5*q + 373. Suppose q = 4*p - 0*p. What is the greatest common divisor of p and 16?
8
Suppose -8*i - 8 + 8 = 0. Let q(r) = -r**2 + 88. Let j be q(i). What is the highest common factor of 8 and j?
8
Suppose 1185 = 5*n - 5*m, -30*n - m - 471 = -32*n. Calculate the greatest common divisor of 90 and n.
18
Suppose -5*q + 20 = -35. Let y = -35 - -112. Calculate the highest common factor of q and y.
11
Let f(s) = -s**3 + 34*s**2 + 36*s - 25. Let x be f(35). Calculate the greatest common factor of 250 and x.
10
Let a(k) = -2*k - 4. Let d be a(17). Let c be (-1)/(6/d)*216/9. What is the highest common factor of c and 19?
19
Suppose 31*p - 1539 = -3*w + 28*p, 3*w = 2*p + 1554. What is the greatest common divisor of w and 12?
12
Suppose -5*y + 5 = 0, -5*y = -f - 9 + 22. Suppose -60 = -0*p - p. Suppose 4*g + p = 9*g. Calculate the greatest common factor of f and g.
6
Let h be -4 - (2 + -7) - -4. Suppose -h*z = -4*z - 176. What is the highest common divisor of z and 16?
16
Let o be 3/(12/(-8)) - -33. Suppose -4*b + 104 = -4*h, 4*h + o - 8 = b. Calculate the highest common factor of b and 18.
9
Let k = 63 - 58. Suppose -2*u + 6*u = k*d + 1765, 0 = 2*u + 4*d - 876. Calculate the greatest common factor of u and 40.
40
Suppose -m - p - 2*p - 2 = 0, m + 5*p = 4. Let o = -9 - m. Let v be ((-126)/15)/(o/(-10)). What is the highest common factor of 14 and v?
14
Suppose 24*q - 3*v = 19*q + 1424, v - 1432 = -5*q. Let y be (1 + 0)*-1 - -27. What is the greatest common divisor of q and y?
26
Let h(f) = f**2 - 8*f - 4. Let k be h(-4). What is the greatest common divisor of 16 and k?
4
Suppose 4*u + 0 = -4*d + 12, 3*d = 5*u + 49. Suppose -2*i + 48 = -32. What is the highest common factor of d and i?
8
Let z = -7 + 9. Suppose -5*r = -3*h - 107, z*r - 4*h = -3*h + 42. What is the greatest common divisor of 152 and r?
19
Suppose 0 = -i + x + 34, -x + 54 = i + 2*x. Let t = i + -38. What is the highest common factor of t and 3?
1
Suppose 15*l - 14*l = -3*i + 227, 2*i + 3*l = 142. Calculate the greatest common factor of 44 and i.
11
Let v = 3072 + -1140. What is the greatest common divisor of v and 14?
14
Let a be ((-270)/(-60))/((-1)/(-6)). What is the greatest common factor of a and 1458?
27
Let p be 52/14 + (-2)/(-7). Let u be (0 - -60)/(-3)*-4. Suppose 12*c - 17*c = -u. Calculate the highest common divisor of p and c.
4
Suppose 4*s + 3*p = 31, -p - 1 = -2*p. Let d(l) = 8*l**2 - 1. Let x be d(-1). Let v be x*(2 - 0)/2. What is the highest common divisor of s and v?
7
Let b = 77 + -27. Let k be b + (-6)/3 + -3. Calculate the highest common factor of k and 18.
9
Suppose 61*g + 30016 = 117*g. Calculate the greatest common divisor of g and 201.
67
Let r(u) = -2*u**3 - 16*u**2 + 35*u + 1. Let y be r(-10). Calculate the highest common divisor of y and 153.
51
Suppose -2*d - 2*d + 16 = 0. Suppose d*l - 5*l + 68 = 0. Calculate the greatest common factor of 17 and l.
17
Suppose h = 2*w - 11336, -5*h + 11964 - 40294 = -5*w. What is the highest common divisor of 70 and w?
70
Suppose 7*v + 12 = 11*v. Suppose 3*c - 24 = -f - c, -10 = -f + v*c. Calculate the highest common divisor of 96 and f.
16
Let v(z) = -453*z**3 - z**2 - 2*z - 2. Let n be v(-1). Calculate the highest common divisor of 339 and n.
113
Let b be (-140)/3*(-72)/15. What is the greatest common divisor of 128 and b?
32
Let s(j) = j**3 - 6*j**2 + 6*j + 6. Let k be s(5). Suppose -2*z + 3 + 53 = 0. Let a = 39 - z. Calculate the greatest common factor of k and a.
11
Let p(b) = 1 - b - 2 + 2*b. Let u be p(3). Suppose 308 = 14171*f - 14157*f. Calculate the greatest common divisor of f and u.
2
Suppose 0 = 4*f - 53 + 5. Let d(n) = 4*n + 14. Let r(t) = -t - 1. Let c(w) = -d(w) - 5*r(w). Let u be c(f). Calculate the highest common factor of u and 9.
3
Let k(g) = g + 2. Let y be k(7). Suppose 6*n = 3*n + y. Suppose 9*q - 13*q - 3*s + 1 = 0, 0 = 5*q - 5*s - 10. What is the highest common divisor of q and n?
1
Let v(s) = s**2 - 5*s - 12. Let k be v(11). Calculate the greatest common divisor of k and 2.
2
Let n be (-30)/(-24) - 567/(-4). Suppose a - n = -44. What is the highest common factor of a and 9?
9
Suppose v + 112 = 4*v + 4*b, b = 3*v - 122. Let r = -119 + 116. Let y be 16*1/3*r/(-2). What is the highest common factor of v and y?
8
Let b be -1556*2/(-56) + (-6)/(-14). Calculate the greatest common divisor of b and 56.
56
Let m(r) = r**2 - 14*r + 16. Let v be m(5). Let z = v + 73. What is the greatest common divisor of 4 and z?
4
Let q be 11 - (0 - (-4)/2). Suppose 3*r = 2*p - 2*r - 215, -4*p + 4*r + 460 = 0. Suppose 0 = -q*o + 4*o + p. What is the highest common factor of 12 and o?
12
Suppose -22*a = -10*a - 216. Calculate the greatest common factor of 48 and a.
6
Let g be 2*2/10 + 268/5. Let u = g - 47. What is the highest common divisor of 21 and u?
7
Suppose -43*k - 64 = -59*k. Calculate the highest common divisor of k and 20.
4
Let h(k) = -26*k - 444. Let r be h(-19). What is the greatest common divisor of 800 and r?
50
Suppose y + 2*r + 21 = 15, 18 = y - 4*r. What is the greatest common factor of y and 37?
1
Let x be 51 + (1 + 1)/(-2). Let z be 1/(-2*2/(-8)). Let r be (-3 - (z + -6)) + x. Calculate the greatest common divisor of 17 and r.
17
Suppose 2*l - 322 = -3*i, 0 = 3*i - 4*i + l + 114. What is the highest common divisor of 50 and i?
10
Suppose -2*c - 44 = -3*c - 2*k, -4*c + 4*k + 236 = 0. Suppose 11*j - 14*j = -c. What is the highest common divisor of j and 24?
6
Suppose -4*y - 102*g + 294 = -105*g, 371 = 5*y - 2*g. Calculate the greatest common divisor of 12 and y.
3
Suppose -2 = -5*g - 5*j + 23, j - 2 = 0. Let l be -5 + (-3324)/(-18) - (-1)/g. What is the greatest common factor of 45 and l?
45
Let q be 498/(2 - -1) - 1. Let n = 1916 - 1901. Calculate the greatest common divisor of n and q.
15
Let y = 502 - 462. Calculate the highest common factor of y and 15.
5
Let h(w) = 3*w**3 + 2*w - 1. Let r be h(1). Let g(x) = 2*x + 1. Let j be g(4). Suppose j*k - r*k - 920 = 0. What is the greatest common divisor of 23 and k?
23
Let m = -551 + 556. Let d = -7 - -12. Calculate the greatest common divisor of d and m.
5
Let a = 16 - -2. Suppose -9 = -l - 0*l. What is the highest common divisor of l and a?
9
Suppose -v + 4*s + 23 = -0*s, -s - 39 = -5*v. Suppose v*z - 2*z = -5*x + 15, -x = -1. What is the greatest common factor of z and 16?
2
Suppose 10*a - 53 = 207. Calculate the greatest common factor of a and 1352.
26
Let t = -175 + 178. Suppose 4*g + 68 = 2*v, -3*v - t*g + 28 + 29 = 0. What is the greatest common factor of v and 60?
12
Let y(t) be the third derivative of -1/6*t**3 + 7*t**2 + 0*t + 0 - 7/24*t**4. Let b be y(-2). What is the greatest common divisor of 39 and b?
13
Suppose 0 = 4*v - 3*y + 9 - 52, -36 = -4*v - 4*y. Let x = 32 + -29. Suppose 4*d - 37 = u, -x*u - 1 = -2*d + 10. What is the greatest common factor of d and v?
10
Let a = 69 - 59. Suppose a*s + 7*s - 170 = 0. What is the greatest common factor of 170 and s?
10
Suppose 0 = -2*j - 1 - 11. Let a(g) = -g**2 - 6*g + 2. Let p be a(j). Let o(c) = -c + 2. Let u be o(-4). Calculate the greatest common divisor of u and p.
2
Suppose -4*h = -3*g - 11 - 52, 4*g - 16 = -3*h. Calculate the greatest common divisor of h and 192.
12
Suppose -1524 = 40*t - 45*t - d, 5*t - 2*d - 1512 = 0. Calculate the greatest common divisor of t and 16.
16
Let r be 1/4 - 22/(-8). Suppose 0*t - 2*t + 18 = 5*m, r*t = 2*m + 8. What is the greatest common divisor of 5 and m?
1
Let m = -276 + 351. What is the highest common factor of m and 60?
15
Suppose -331 = -15*p + 2714. What is the greatest common divisor of p and 7?
7
Let y =